- 144. What is the remainder when b is divided by 18?
13
Let g be (66/(-9))/((-2)/9). Suppose -138 = -5*h - g. What is the remainder when 37 is divided by h?
16
Suppose 3*h - 21 = 3*y - 93, 5*y - 2*h - 108 = 0. Let f(n) = 5*n**2 - 5*n + 1. Calculate the remainder when f(-2) is divided by y.
11
Suppose 5*p - 2*p = -s + 206, 0 = 5*p + 5*s - 360. Let c = -6809 - -6843. Calculate the remainder when p is divided by c.
33
Suppose 0 = -d - 3*u + 21, 3*u - 30 = -3*d + d. Let v(a) = 55*a + 1041. What is the remainder when v(-18) is divided by d?
6
Let y(p) = -6*p**2 + 4*p - 3. Let q be y(2). Let w = 48 + -28. Let g = w - q. Calculate the remainder when g is divided by 21.
18
Suppose 41*q + 14 = 513 - 7. Suppose 0*r + 2*c - 145 = -5*r, -5*r - 3*c = -140. What is the remainder when r is divided by q?
7
Let m be 6/(-27) - (-434)/9. What is the remainder when 7 is divided by 11/7 - m/(-112)?
1
Let b = -75 + 112. Let j(d) = 11*d**2 + 2*d + 2. Calculate the remainder when j(3) is divided by b.
33
Suppose 5*q - 29 = 1. Let s = -76 + 79. Calculate the remainder when s + ((-15)/20)/((-1)/48) is divided by q.
3
Let f = -75 - 1. Let v = 98 + f. Calculate the remainder when 152 is divided by v.
20
Calculate the remainder when 67 + (-5 - (-3 - -27)/(-3)) is divided by 23.
1
Let k = -71 - -74. Suppose k = 3*p - 2*p, 0 = 3*h - p - 12. What is the remainder when 8 is divided by h?
3
Let w = 4 - 4. Suppose 3*t - 6*t + 57 = w. Calculate the remainder when 74 is divided by t.
17
Let m(b) = 100*b**2 + 23*b + 24. Let u = -84 + 118. What is the remainder when m(-1) is divided by u?
33
Let a be (8*-1)/(-1) - 3. Suppose -5*x + 21 = -3*w + 2*w, -w + x - a = 0. What is the remainder when -25*w/(-4)*-4 is divided by 13?
12
Let f be (0 - 2)*3/(-2). Suppose -2*h = -f*h + 109. What is the remainder when h is divided by 28?
25
Suppose 21 = 3*p - 15. Let v(i) = -i**3 + 12*i**2 + 5*i - 1. What is the remainder when v(p) is divided by 10?
9
Let q(f) = 3*f**2 - 6*f + 10. Calculate the remainder when 78 is divided by q(3).
2
Let o = 28 - 26. Suppose -i + 94 = o*p, 4*i - p = 3*p + 424. Suppose -6*m = 18 - i. What is the remainder when 40 is divided by m?
12
Let c = -137 + 144. Calculate the remainder when 13 is divided by c.
6
Let i(m) = 11*m**2 + 3*m + 1. Suppose -x + 9 + 19 = 0. What is the remainder when i(3) is divided by x?
25
Let p(u) = 9*u + u**3 + 0*u + 10*u**2 + 5*u - 5*u + 8. What is the remainder when 37 is divided by p(-9)?
5
Suppose 4*d - 274 = -11*y, y + 2*d - 41 + 21 = 0. Let o be 0 - (0 + 0/1). Suppose o*n = -5*n + 45. What is the remainder when y is divided by n?
8
Suppose -2*c + 19 = -27. What is the remainder when (33 - 13) + -6 + 75 is divided by c?
20
Let b = 44 + 7. Let x be (6 - 128)/(-1*2). Suppose -4*i = -11 - x. What is the remainder when b is divided by i?
15
Let h = -23 - -35. Let n(x) = 2*x**3 - 45*x**2 - 23*x + 69. Calculate the remainder when n(23) is divided by h.
9
Suppose -26*b + 766 + 820 = 0. Calculate the remainder when 118 is divided by b.
57
Let o be (3 - (3 - 2))*-1. What is the remainder when 49 is divided by 1470/60 + (-1)/o?
24
Suppose -2*s - r = -31, -7*r + 4*r + 78 = 5*s. Calculate the remainder when 176 is divided by s.
11
Suppose -1370 = -18*y - 470. Calculate the remainder when 115 is divided by y.
15
Suppose 0 = -y + 12 + 17. Let o = y + -14. Suppose -5*d - o = -5*g, 0*g + 5*d + 7 = g. What is the remainder when 6 is divided by g?
0
Suppose 0 = -4*y + 5*h + 39, -2*y + 3*h + 9 = -8. What is the remainder when 127 is divided by y?
15
Suppose -221 = -6*i + 223. Calculate the remainder when i is divided by 25/(-10)*(-76)/10.
17
What is the remainder when (-47956)/(-114) + 1 + (-4)/(-12) is divided by 105?
2
Suppose 3*q = -c - 11, 4*c - 2*c = 4*q + 28. Suppose b - 3*x = 29, c*x + 11 = -3*b + 98. What is the remainder when (2 - (-2 + -83)) + -2 is divided by b?
27
Let r(f) = -f**3 + 10*f**2 - 15*f + 4. Let i be 4/(-6)*27/3. Let o(b) = -b**2 - 8*b + 3. Calculate the remainder when r(6) is divided by o(i).
13
Let x = 1 - -2. Suppose -10*s = -x*s - 70. What is the remainder when 69 is divided by s?
9
Let n(z) = 3*z + 34. Let d be n(-10). Suppose 89 + 343 = d*u. What is the remainder when u is divided by 28?
24
Let k = -168 - -180. Calculate the remainder when 46 is divided by k.
10
Suppose -7 = -2*v - 1. Suppose -4*q + 110 = r, -3*q - 297 = -3*r - 4*q. Suppose 55 + r = v*n. What is the remainder when n is divided by 13?
12
Let t = -71 - -75. Suppose 3*l - 28 = -0*h - t*h, -3*h - 30 = -2*l. Calculate the remainder when 47 is divided by l.
11
Suppose 4*u + 5*p + 91 = 163, -5*u - 5*p = -90. Calculate the remainder when 969 is divided by u.
15
Let w be (3 + -2)*2/1. Suppose 4*d + a = 51, 5*a - w = d + 1. Suppose 2*p = -3*f + d + 12, -4*f - 4*p + 28 = 0. Calculate the remainder when 19 is divided by f.
9
Let p(k) = 71*k**2 + 5*k + 4. Calculate the remainder when p(3) is divided by 12.
10
Suppose 1 = 3*j + 3*y - 8, 15 = 2*j + 5*y. Let l(i) = -i**3 + i + 2. Let f be l(j). Suppose s = f*s - 14. Calculate the remainder when s is divided by 6.
2
Suppose -5*j = -4*j - 5. Let q(k) = k**2 - 8*k + 5. Suppose 3 = 2*m - 15. Calculate the remainder when q(m) is divided by j.
4
Let o = 66 - 62. What is the remainder when o is divided by 3?
1
Let t = -3041 + 3481. What is the remainder when t is divided by 17?
15
Suppose -30*y = -1165 - 395. What is the remainder when 259 is divided by y?
51
Let h = -70 - -50. Let y = 2 - h. Calculate the remainder when -4 + (-6)/(30/(-445)) is divided by y.
19
Suppose 5*p = 3*o + 20, -5*p + p = 3*o - 16. Suppose -i - p*i = -50. What is the remainder when 39 is divided by i?
9
Suppose 0 = o - 4 - 14. Suppose 11*h = 12*h - 69. Calculate the remainder when h is divided by o.
15
Let m(g) = -58*g**2 - g + 1. Let c be m(1). Let k = c + 106. What is the remainder when k is divided by 25?
23
Suppose -3*i + 19 = 4*p, p + 4*p = 5*i - 90. Let a = -3 + i. Calculate the remainder when a is divided by 4.
2
Let h = 129 - 124. Calculate the remainder when (-1)/((-3)/6) + 13 is divided by h.
0
What is the remainder when 129 is divided by 96/(-44)*33/(-6)?
9
Let q be (-122)/18 - (-2)/(-9). Let k(u) = -u - 1. Let t(l) = l - 6. Let s(a) = 3*k(a) + t(a). Calculate the remainder when s(q) is divided by 5.
0
Suppose 0 = 3*o - 5*a - 36, -3*a = 4*o - 4*a - 31. Calculate the remainder when 48 is divided by o.
6
Let t(u) = -u**2 - 12*u + 2. Let c be t(-12). Suppose c*y - 62 = 5*h - 7*h, 2*h - 44 = 4*y. What is the remainder when h is divided by 13?
2
Let h(f) = -5*f**3 - 2*f**2 - 19*f - 32. Calculate the remainder when h(-2) is divided by 3.
2
Let p(b) = -8*b**3 + 7*b**2 - 4*b - 11. Calculate the remainder when p(-3) is divided by 24.
16
Calculate the remainder when (-376)/(-10) - 3/5 is divided by 1 - (-45)/(-10)*-2.
7
Let d(h) = 6*h + 6. Let k be d(3). Let v = k - -18. Suppose -j = 5*w - 2, 3*j + w - 4*w - v = 0. Calculate the remainder when 47 is divided by j.
11
Let v = 814 + -706. What is the remainder when v is divided by 13?
4
Suppose 22 = 2*y + 62. Let r = y - -57. Let z(t) = 25*t - 87. Calculate the remainder when r is divided by z(4).
11
Let s(k) = k + 4. Let b = 0 + -2. Let c(h) = 1. Let q(u) = b*s(u) + 7*c(u). Calculate the remainder when 23 is divided by q(-7).
10
Let c(l) = l**2 - 13*l + 17. Let o = 32 - 19. Let x(d) = -d**3 - 15*d**2 - 16*d - 19. Calculate the remainder when c(o) is divided by x(-14).
8
Let b(x) = x**2 + 8*x + 5. Calculate the remainder when b(6) is divided by 5*(126/70 + (-3)/(-15)).
9
Suppose -2*x + 45 = 27. What is the remainder when (-1442)/(-56) - (-2)/8 is divided by x?
8
Suppose 14 = 2*s - 5*a, 3*a = 5*s + 2*a - 35. What is the remainder when 153 is divided by s?
6
Suppose -2*t = 5*i - 35, i - 4 = -7. Let j = 19 - 7. Let x = j + -5. What is the remainder when t is divided by x?
4
Let r = 32 + -20. What is the remainder when 13 is divided by r?
1
Let t = -8 - -30. What is the remainder when 39 is divided by t?
17
Let g(a) = a - 6. Let q be g(4). Let d = q - -15. What is the remainder when d is divided by 4?
1
Suppose 19*p + 5*l = 17*p + 14, 4*p = -4*l + 40. Let t = 8 - 4. Calculate the remainder when p is divided by t.
0
What is the remainder when 174 is divided by -5 + (-8)/2 + 34?
24
Calculate the remainder when (-6